137523 composite?
True
Is 3665 composite?
True
Is 2493979 prime?
True
Is 684661 a prime number?
False
Is 20621 a prime number?
False
Is 2249353 a composite number?
True
Is 259 a prime number?
False
Is 118133 a composite number?
True
Is 85821 a composite number?
True
Is 538177 composite?
True
Is 175789 composite?
True
Is 7817 a prime number?
True
Is 2419 a composite number?
True
Is 3993757 prime?
False
Is 701815 prime?
False
Is 12893 a prime number?
True
Is 68167 a composite number?
True
Is 29901 a prime number?
False
Is 194791 composite?
True
Is 31469 a prime number?
True
Is 4271 prime?
True
Is 118693 prime?
False
Is 62917 prime?
False
Is 1684999 a composite number?
False
Is 479243 a composite number?
False
Is 13147 composite?
False
Is 788123 prime?
False
Is 900061 a composite number?
False
Is 127613 prime?
False
Is 2333 prime?
True
Is 694 prime?
False
Is 22613 prime?
True
Is 27131 prime?
False
Is 1511723 a composite number?
False
Is 30433 a composite number?
True
Is 11303 prime?
False
Is 7789 composite?
False
Is 51031 composite?
False
Is 70709 a prime number?
True
Is 172279 a composite number?
False
Is 100207 prime?
True
Is 211913 composite?
True
Is 5479 a composite number?
False
Is 250253 composite?
False
Is 52199 composite?
True
Is 15389 composite?
True
Is 300397 a prime number?
True
Is 190253 a composite number?
True
Is 140989 composite?
False
Is 43517 a prime number?
True
Is 7613 a prime number?
False
Is 375653 prime?
False
Is 60859 a prime number?
True
Is 55439 a composite number?
False
Is 180733 composite?
True
Is 52945 a composite number?
True
Is 24319 a composite number?
True
Is 217495 prime?
False
Is 79045 a composite number?
True
Is 1481 prime?
True
Is 14321 prime?
True
Is 1146599 prime?
False
Is 122819 composite?
False
Is 43097 a composite number?
True
Is 40087 a prime number?
True
Is 675739 a composite number?
False
Is 647783 a prime number?
True
Is 82799 a composite number?
False
Is 4547 a composite number?
False
Is 105349 composite?
True
Is 18781 a prime number?
False
Is 75011 prime?
True
Is 442315 a prime number?
False
Is 19841 a prime number?
True
Is 12013 a composite number?
True
Is 321679 prime?
True
Is 2291 composite?
True
Is 4201 a prime number?
True
Is 97287 a prime number?
False
Is 298513 a composite number?
False
Is 415441 a composite number?
True
Is 69623 a composite number?
False
Is 2818003 composite?
True
Is 868501 prime?
False
Is 244291 composite?
False
Is 8221 prime?
True
Is 848165 a composite number?
True
Is 190195 a composite number?
True
Is 2049 a prime number?
False
Is 1713 a composite number?
True
Is 27443 a prime number?
False
Is 25249 a prime number?
False
Is 3847 composite?
False
Is 379 a prime number?
True
Is 39139 a composite number?
False
Is 22199 composite?
True
Is 565057 prime?
True
Is 774071 a composite number?
False
Is 205201 a prime number?
True
Is 129851 a prime number?
False
Is 1802569 prime?
False
Is 377327 prime?
True
Is 4327 composite?
False
Is 28883 a prime number?
False
Is 566571 a prime number?
False
Is 26063 a prime number?
False
Is 263393 a composite number?
True
Is 6821 a composite number?
True
Is 23755 a prime number?
False
Is 8203 a prime number?
False
Is 79349 composite?
False
Is 660029 prime?
True
Is 179 composite?
False
Is 7031 a prime number?
False
Is 3247 a composite number?
True
Is 11303 a composite number?
True
Is 1201979 a composite number?
True
Is 3288053 prime?
True
Is 413311 a prime number?
False
Is 84691 composite?
False
Is 2041 a composite number?
True
Is 3787 composite?
True
Is 646067 a composite number?
False
Is 161201 composite?
False
Is 69907 composite?
True
Is 13817 a composite number?
True
Is 58363 a composite number?
False
Is 17369 composite?
True
Is 44449 prime?
True
Is 11351 prime?
True
Is 1757 composite?
True
Is 14662 a composite number?
True
Is 35491 a composite number?
False
Is 604069 a composite number?
False
Is 6299 composite?
False
Is 87509 a composite number?
False
Is 521467 composite?
True
Is 1099537 a prime number?
False
Is 187597 composite?
False
Is 51109 a composite number?
False
Is 68111 prime?
True
Is 32491 a composite number?
False
Is 1291079 a composite number?
False
Is 28081 a prime number?
True
Is 1889 composite?
False
Is 517 prime?
False
Is 3615965 a composite number?
True
Is 60446 a prime number?
False
Is 329279 prime?
False
Is 2039 a prime number?
True
Is 73691 a prime number?
False
Is 68881 a prime number?
True
Is 55021 prime?
True
Is 13043 a prime number?
True
Is 121795 a prime number?
False
Is 1571 composite?
False
Is 597761 prime?
True
Is 1098145 prime?
False
Is 9181 a prime number?
True
Is 40771 a composite number?
False
Is 14699 a prime number?
True
Is 1880961 prime?
False
Is 4087 a prime number?
False
Is 69539 prime?
True
Is 7729 a composite number?
True
Is 94015 a composite number?
True
Is 38393 composite?
False
Is 15679 a prime number?
True
Is 1206761 a composite number?
False
Is 130579 a prime number?
True
Is 13519 a prime number?
False
Is 24155 a prime number?
False
Is 520753 a composite number?
True
Is 1090913 prime?
False
Is 115279 a prime number?
True
Is 26947 composite?
False
Is 486211 prime?
False
Is 27647 prime?
True
Is 792871 composite?
False
Is 15503 composite?
True
Is 11329 a prime number?
True
Is 17657 a composite number?
False
Is 2475773 a composite number?
False
Is 335663 a composite number?
False
Is 4547 prime?
True
Is 8899 prime?
False
Is 2837 prime?
True
Is 7669 composite?
False
Is 2566 a composite number?
True
Is 150721 prime?
True
Is 102043 composite?
False
Is 15661 prime?
True
Is 193357 a prime number?
True
Is 2144161 prime?
True
Is 215569 prime?
False
Is 42589 a composite number?
False
Is 65791 prime?
False
Is 53857 a composite number?
False
Is 28699 a composite number?
True
Is 71761 composite?
False
Is 33185 a prime number?
False
Is 2419 a composite number?
True
Is 236073 prime?
False
Is 12793 composite?
True
Is 174851 composite?
False
Is 42101 prime?
True
Is 2813 a prime number?
False
Is 282959 a prime number?
True
Is 4733 a prime number?
True
Is 194371 composite?
False
Is 112963 a prime number?
False
Is 153017 a prime number?
False
Is 3433 a composite number?
False
Is 400559 prime?
True
Is 28349 a prime number?
True
Is 458427 a composite number?
True
Is 103283 a prime number?
False
Is 911657 composite?
False
Is 11249 a prime number?
False
Is 1066423 a prime number?
True
Is 8371 a composite number?
True
Is 371119 a composite number?
True
Is 10651 a composite number?
False
Is 102761 composite?
False
Is 8501 prime?
True
Is 52637 composite?
True
Is 45007 composite?
False
Is 77711 a prime number?
True
Is 28381 a composite number?
True
Is 538921 prime?
True
Is 601889 prime?
True
Is 98491 a composite number?
False
Is 203843 a prime number?
True
Is 37261 a composite number?
True
Is 20833 composite?
True
Is 2962 a prime number?
False
Is 2927 a composite number?
False
Is 64609 composite?
False
Is 12323 a prime number?
True
Is 387445 prime?
False
Is 727421 a prime number?
False
Is 9277 a composite number?
False
Is 2897 composite?
False
Is 31039 prime?
True
Is 4337 a prime number?
True
Is 313249 a prime number?
True
Is 42002 a composite number?
True
Is 7403 a composite number?
True
Is 15947 a prime number?
False
Is 308519 prime?
True
Is 611 a prime number?
False
Is 111763 composite?
True
Is 2419 a prime number?
False
Is 10939 prime?
True
Is 377167 composite?
True
Is 703193 a prime number?
True
Is 740855 a composite number?
True
Is 3389 a composite number?
False
Is 177091 a composite number?
False
Is 33133 a composite number?
True
Is 6359 composite?
False
Is 152239 composite?
False
Is 102911 composite?
False
Is 68353 a composite number?
True
Is 151721 composite?
True
Is 273503 a composite number?
False
Is 3079 a prime number?
True
Is 47897 a composite number?
True
Is 6469 composite?
False
Is 635 prime?
False
Is 180149 prime?
False
Is 14191 composite?
True
Is 26929 a prime number?
False
Is 2769665 a prime number?
False
Is 35963 a composite number?
False
Is 18581 composite?
True
Is 363257 a prime number?
True
Is 1171 composite?
False
Is 37763 a composite number?
True
Is 4821 composite?
True
Is 1217 a prime number?
True
Is 8461 a prime number?
True
Is 2099 composite?
False
Is 102433 a composite number?
False
Is 457 a compos